ose 20*l = 41*l - 62916. List the prime factors of l.
2, 7, 107
Let r(x) be the first derivative of 90*x**2 - 7*x - 20. List the prime factors of r(2).
353
Suppose 3*w + 4*w = 98. Let m = w - -386. List the prime factors of m.
2, 5
Suppose -5*a = -v - 67858, 5*a - 13322 = -3*v + 54544. List the prime factors of a.
2, 3, 13, 29
Suppose -i + 0*i - 3*r = -111, -3*i = -5*r - 305. Let q be (-42)/(-4)*10*14/i. Let k(g) = g**3 - 14*g**2 + 6*g - 22. List the prime factors of k(q).
2, 31
Let u be (-141)/(-45) - (2 - 84/45). Let i be 4/(u - 11)*12*-1. Suppose 0*f - 144 = -i*f. What are the prime factors of f?
2, 3
Let u = 20 - -44. Let j be 96/u - 14/4. Let s(n) = -8*n**3 + n**2 - 4*n - 4. What are the prime factors of s(j)?
2, 3
Let u = -17264 - -43360. What are the prime factors of u?
2, 7, 233
Suppose 2*a = m - 17, -12 = 2*a - 4*m + 2. Let g = 14 + a. Suppose v + 312 = 4*s - 2*v, 0 = -g*v. What are the prime factors of s?
2, 3, 13
Let a(r) = 2 + 9*r - 10*r - 2 + 11. Let d be a(6). Suppose 148 = d*f - 152. List the prime factors of f.
2, 3, 5
Suppose 3*t - 17900 = 5*n - 7*n, 4*t = 3*n + 23878. What are the prime factors of t?
2, 373
Let m = -169 - -151. List the prime factors of (-1*84/m)/((-1)/(-21)).
2, 7
List the prime factors of (4 + -8 + -3)/(-13 - (-170192)/13092).
3, 7, 1091
Let v(s) = 45*s**3 - 72*s**2 - 16*s + 339. List the prime factors of v(11).
2, 25673
Suppose -15*a = 4*y - 20*a - 22621, 4*y + 4*a = 22576. What are the prime factors of y?
3, 7, 269
Let t(c) = 3*c + 3. Let p(v) = -946*v - 774. Let f(a) = p(a) + 258*t(a). Suppose -g = 1 - 0. List the prime factors of f(g).
2, 43
Let c = -65 - -142. Let m(r) = -c + 5*r**2 - 73 + 145 + r. What are the prime factors of m(4)?
79
Let m(n) = -13*n**2 - 15*n - 29. Let s be m(-8). Let z = 1324 + s. What are the prime factors of z?
11, 53
Let j(k) = -k**3 + 8*k**2 - k - 12. Let m = 121 - 116. List the prime factors of j(m).
2, 29
Let i(f) = f**3 - 7*f**2 - f + 3. Suppose 0 = -4*z + 3*g + 25, 3*z - 3*g + g - 19 = 0. Let q be i(z). What are the prime factors of 3 + (-2 - -131) + q?
2
Let a = 26424 - 20480. List the prime factors of a.
2, 743
Let s(v) be the third derivative of 4*v**2 + 1/20*v**6 + 0*v**4 - 1/30*v**5 + 1/6*v**3 + 0*v + 0. What are the prime factors of s(1)?
5
List the prime factors of 158*1027/26 + -7.
2, 3, 1039
Let p(a) = -93*a - 93. Let n(v) = 188*v + 187. Let k(g) = 3*n(g) + 7*p(g). List the prime factors of k(-10).
2, 3, 5, 13
Let r = 417 - 417. Suppose r = 11*z + 1588 - 5713. List the prime factors of z.
3, 5
Let m(w) = -w**2 - 2*w - 1. Let b(i) = 7*i**2 + 6*i - 13. Let v(j) = b(j) - 2*m(j). List the prime factors of v(6).
373
Suppose -64*i + 854867 = -281840 - 548733. What are the prime factors of i?
5, 23, 229
Suppose -3*c = -5*c + 4. Suppose -c*s + 7 = 7. Suppose s = -g - 3, 5*j - 580 = -0*j - 5*g. What are the prime factors of j?
7, 17
Suppose n = -g + 68 + 20020, 0 = -5*n - 4*g + 100433. What are the prime factors of n?
43, 467
Let c(v) = -v**3 + 12*v**2 + 15*v - 34. Let m be c(13). List the prime factors of (m - (1 + -8)) + 1278.
1277
Let h = 73395 - 46753. List the prime factors of h.
2, 7, 11, 173
Suppose 2*b + 2*x = b - 322, 0 = 5*b - 4*x + 1610. Suppose -6*h + 22*j - 18*j + 3436 = 0, -h - 3*j + 569 = 0. Let l = b + h. What are the prime factors of l?
2, 5
Let q = 99 + -88. Suppose q*c = 3*c + 7888. What are the prime factors of c?
2, 17, 29
Let s(y) be the second derivative of -7*y**5/10 + y**4/12 - y**3/2 + 3*y**2/2 - 32*y. What are the prime factors of s(-3)?
3, 7, 19
Let c(f) = -f**3 + 9*f**2 - 17*f + 10. Let g be c(7). Let z be g/(1*(-2 + 2 + 1)). List the prime factors of (812/112)/(z/12 - -1).
3, 29
Suppose -6*i + 4 = -5*i. Suppose -i*c + 544 = -0*c + 2*d, d = 4. What are the prime factors of c?
2, 67
List the prime factors of (13 + -3 + -554)/(6/(-585) + 0).
2, 3, 5, 13, 17
Let t(c) = 11*c**3 - 18*c**2 - 42*c + 53. Let g(a) = 31*a**3 - 56*a**2 - 127*a + 160. Let y(w) = -6*g(w) + 17*t(w). List the prime factors of y(-27).
2, 13
Let b(k) = -5*k + 17. Suppose -3*a - 39 = -48. Let y be b(a). What are the prime factors of (y + 2)*(-193)/(-4)?
193
Let y be (0 - 16)/(((-27)/60)/9). Let r = 161 - y. Let m = r - -315. List the prime factors of m.
2, 3, 13
List the prime factors of (-24)/(-8) - 15*(-1 - 64).
2, 3, 163
Let a = 5 + 15. Suppose -5*x = -a, 0 = -y - 4*x + 2*x + 68. List the prime factors of y.
2, 3, 5
Let t(m) = -34*m**3 + m**2 + 9*m + 7. What are the prime factors of t(-7)?
3, 5, 7, 37
Let x = 27 + -43. Let o = 19 + x. Suppose v = 3*i + 83, o*i + 104 = 2*v - 59. List the prime factors of v.
2, 5
Suppose 3*w + 4*s - 15 = 0, -4*s + 37 = 5*w + 4. Suppose -12*z + 15*z + w = 0. What are the prime factors of z*(-2 + 4 + -51)?
3, 7
Let o(d) = d**2 - 27*d + 8. Let y be o(-13). Suppose 9*v = 12*v - y. List the prime factors of v.
2, 11
Let f be 4 + -9 + 4 + 3. What are the prime factors of (-449)/((f/4)/((-8)/16))?
449
Suppose 0 = 5*y - w - 13, -4 = y + 4*w - 2*w. Suppose -h - 4*k - 3 = y, -1 = -h - k. List the prime factors of -1*h/(-2) + (-486)/(-4).
3, 41
Let a = 2 - 0. Let n be -2 + 1/a*-6. List the prime factors of (-9)/(54/231)*(1 + n).
2, 7, 11
Let n(f) = 13*f**2 + 11*f - 9. Suppose 14 + 10 = -5*k - 2*g, 2*k + 3*g = -3. Let c be n(k). Suppose -c = -2*o - 157. What are the prime factors of o?
2, 59
Suppose g - 62 = -4*d, 12*d + g - 46 = 9*d. Let n = 15 + -3. List the prime factors of -2*(-3)/(n/d).
2
Suppose 0 = -5*y - 363 - 372. List the prime factors of -3 - y*(-8)/(-6).
193
Let a(c) = c**3 - 77*c**2 - 130*c + 390. List the prime factors of a(79).
2, 1301
Let j(f) = 7*f**2 - 16*f + 18. Let v(r) = -14*r**2 + 32*r - 35. Let h(d) = 13*j(d) + 6*v(d). What are the prime factors of h(-15)?
3, 613
Let b = -10857 - -23238. What are the prime factors of b?
3, 4127
Suppose 353*u - 363*u = -10520. What are the prime factors of u?
2, 263
Let a = 140256 - 71283. What are the prime factors of a?
3, 83, 277
Let a be 75320 - 15/((-45)/(-6)). List the prime factors of a/90 - (6/(-45) - 0).
3, 31
Suppose 706*y = 681*y + 206175. What are the prime factors of y?
3, 2749
Let y = -14884 + 14926. Let a be (-100)/(-7) + 2/(-7). Let z = y + a. List the prime factors of z.
2, 7
Suppose -6964 = 5*o + 4*h - 71865, 4*o - 51896 = 3*h. What are the prime factors of o?
19, 683
Let f(w) = 3*w + 15. Let d be f(7). Suppose -d + 148 = -8*o. Let i = 29 + o. List the prime factors of i.
3, 5
Let t be (-40)/(-16)*96/(-2). List the prime factors of ((-1584)/t)/((-3)/(-20) - 0).
2, 11
Suppose 14*o - 1135518 = -18*o + 173410. List the prime factors of o.
2, 5113
Let n be -25*(-5)/75*(-18)/(-10). List the prime factors of (n/(-6))/((-1)/2)*436.
2, 109
Let r = -87529 - -124030. What are the prime factors of r?
3, 23
Let s(a) = 521*a + 590. What are the prime factors of s(13)?
37, 199
Let w(f) = -348*f**3 - 2*f**2 - 23*f - 221. List the prime factors of w(-6).
75013
Let v = -42 - -46. Suppose -v*n + 93 = -2*p - p, 0 = 2*n + 5*p - 53. Suppose 19*h = n*h - 995. What are the prime factors of h?
199
Suppose -11*p - 15*p = 36*p - 500030. What are the prime factors of p?
5, 1613
Let r = -2083 - -5917. List the prime factors of r.
2, 3, 71
Suppose -1658882 + 9257346 = 82*g + 7*g. What are the prime factors of g?
2, 23, 29
Let s be (2 + (-4)/8)*4/3. Suppose 5*z + 2 = -2*q, s*q + 1 = -z + 7. Suppose -404 = -4*p - 5*m, 0 = q*m + m + 20. What are the prime factors of p?
2, 53
Let x = -780 - -821. Suppose 39*v + 1878 = x*v. What are the prime factors of v?
3, 313
Let z = 131 + -220. Let f be 578/(-4)*((-40)/8 - -3). Let o = f + z. What are the prime factors of o?
2, 5
Suppose 2*o = -3*l + 65 + 149, 5*l - 3*o - 363 = 0. Let i = l + -83. Let c = -3 - i. What are the prime factors of c?
2
Suppose 1570 = 2*i - 2*y, -3*y + y = 3*i - 2340. Suppose -786*b = -i*b - 444. What are the prime factors of b?
3, 37
What are the prime factors of (8/6)/(724/2694909)?
7, 709
Suppose 5*d = -0*v + v + 22, 0 = -5*v + 4*d - 26. Let f be -50*(-3 - (0 + v)). Suppose f = 4*b - 6. List the prime factors of b.
2, 7
Let p(s) = s**2 + 18*s + 20. Let q be p(-17). Suppose -q*x = -7*x + 104. Suppose x*u - 102 = 24*u. List the prime factors of u.
3, 17
Suppose 5*r - 252 = 3*r. Let u = -14 - r. Let d = u + 295. List the prime factors of d.
5, 31